{"id":1211,"date":"2025-11-26T10:07:20","date_gmt":"2025-11-26T13:07:20","guid":{"rendered":"https:\/\/www.waikenilw.com\/?page_id=1211"},"modified":"2025-11-26T10:07:20","modified_gmt":"2025-11-26T13:07:20","slug":"seguros-2","status":"publish","type":"page","link":"https:\/\/www.waikenilw.com\/index.php\/pt\/seguros-2\/","title":{"rendered":"Seguros"},"content":{"rendered":"<section class=\"seguros-scope es-ar\" aria-labelledby=\"seguros-title\">\n  <div class=\"seguros-banner\" role=\"banner\" aria-label=\"Se\u00e7\u00e3o de Seguros\">\n    <div class=\"container-fluid container-lg px-5\">\n      <div class=\"seguros-banner-title\">\n        <span class=\"seguros-badge\" aria-hidden=\"true\">\n          <img decoding=\"async\" src=\"\/wp-content\/uploads\/2025\/11\/seguros-padlock.png\" alt=\"\u00cdcone de seguran\u00e7a\" width=\"40\" height=\"40\"\n            loading=\"lazy\">\n        <\/span>\n        <h2 id=\"seguros-title\" class=\"seguros-title\">Seguros<\/h2>\n      <\/div>\n    <\/div>\n  <\/div>\n\n  <div class=\"container-fluid container-lg p-0\" data-aos=\"fade-up\">\n    <article class=\"seguros-card\" aria-label=\"Informa\u00e7\u00f5es da Experta Seguros\">\n      <div class=\"seguros-grid\">\n        <div class=\"seguros-col seguros-col--text\" style=\"padding-left: 2rem;\">\n          <div class=\"seguros-logos\" aria-label=\"Logotipos das marcas\">\n            <div class=\"seguros-logo-link\">\n              <img decoding=\"async\" src=\"\/wp-content\/uploads\/2025\/11\/seguros-experta-broker.png\" alt=\"Logotipo Experta Broker\"\n                loading=\"lazy\" width=\"140\">\n            <\/div>\n          <\/div>\n\n          <p class=\"seguros-text pt-4 text-center text-lg-start\">\n            <b>\n              Somos um Broker de Seguros Regional com presen\u00e7a no\n              Brasil,Col\u00f4mbia, Chile, Peru, Uruguai e Equador. Operamos\n              por meio de uma rede local, oferecendo solu\u00e7\u00f5es de seguros\n              adaptadas a cada pa\u00eds.\n            <\/b>\n          <\/p>\n\n          <p class=\"seguros-text text-center text-lg-start\">\n            Nossa especializa\u00e7\u00e3o \u00e9 em modelos B2B2C, oferecendo seguros\n            simples e acess\u00edveis para cada pessoa, e B2B, fornecendo servi\u00e7os\n            e coberturas para empresas.\n          <\/p>\n\n          <p class=\"seguros-text text-center text-lg-start\">\n            Nosso hist\u00f3rico e o gerenciamento de risco pr\u00f3prio nos d\u00e3o uma\n            vis\u00e3o \u00fanica do neg\u00f3cio.\n          <\/p>\n\n          <p class=\"seguros-text text-center text-lg-start\">\n            Com mais de 500 000 clientes ativos na regi\u00e3o, constru\u00edmos\n            relacionamentos de longo prazo e promovemos neg\u00f3cios de\n            seguros sustent\u00e1veis.\n          <\/p>\n        <\/div>\n\n        <div class=\"seguros-col seguros-col--media\">\n          <div class=\"seguros-devices-wrap\">\n            <img decoding=\"async\" class=\"seguros-devices\" src=\"\/wp-content\/uploads\/2025\/11\/seguros-argentina.png\"\n              alt=\"Mapa da Am\u00e9rica do Sul com destaque para a Argentina\" loading=\"lazy\" height=\"526\">\n          <\/div>\n        <\/div>\n      <\/div>\n    <\/article>\n  <\/div>\n<\/section>","protected":false},"excerpt":{"rendered":"Seguros Somos um Broker de Seguros Regional com presen\u00e7a no Brasil,Col\u00f4mbia, Chile, Peru, Uruguai e Equador. Operamos por meio de uma rede local, oferecendo solu\u00e7\u00f5es de seguros adaptadas a cada pa\u00eds. Nossa especializa\u00e7\u00e3o \u00e9 em modelos B2B2C, oferecendo seguros simples e acess\u00edveis para cada pessoa, e B2B, fornecendo servi\u00e7os e coberturas para empresas. Nosso hist\u00f3rico [&hellip;]","protected":false},"author":1,"featured_media":0,"parent":0,"menu_order":0,"comment_status":"closed","ping_status":"closed","template":"","meta":{"footnotes":""},"class_list":["post-1211","page","type-page","status-publish","hentry"],"_links":{"self":[{"href":"https:\/\/www.waikenilw.com\/index.php\/wp-json\/wp\/v2\/pages\/1211","targetHints":{"allow":["GET"]}}],"collection":[{"href":"https:\/\/www.waikenilw.com\/index.php\/wp-json\/wp\/v2\/pages"}],"about":[{"href":"https:\/\/www.waikenilw.com\/index.php\/wp-json\/wp\/v2\/types\/page"}],"author":[{"embeddable":true,"href":"https:\/\/www.waikenilw.com\/index.php\/wp-json\/wp\/v2\/users\/1"}],"replies":[{"embeddable":true,"href":"https:\/\/www.waikenilw.com\/index.php\/wp-json\/wp\/v2\/comments?post=1211"}],"version-history":[{"count":1,"href":"https:\/\/www.waikenilw.com\/index.php\/wp-json\/wp\/v2\/pages\/1211\/revisions"}],"predecessor-version":[{"id":1212,"href":"https:\/\/www.waikenilw.com\/index.php\/wp-json\/wp\/v2\/pages\/1211\/revisions\/1212"}],"wp:attachment":[{"href":"https:\/\/www.waikenilw.com\/index.php\/wp-json\/wp\/v2\/media?parent=1211"}],"curies":[{"name":"wp","href":"https:\/\/api.w.org\/{rel}","templated":true}]}}