{"id":914,"date":"2025-10-31T16:33:19","date_gmt":"2025-10-31T19:33:19","guid":{"rendered":"https:\/\/www.waikenilw.com\/?page_id=914"},"modified":"2025-11-26T10:01:31","modified_gmt":"2025-11-26T13:01:31","slug":"conectividade","status":"publish","type":"page","link":"https:\/\/www.waikenilw.com\/index.php\/pt\/conectividade\/","title":{"rendered":"Conectividade"},"content":{"rendered":"<section class=\"tv-sat-scope pt-br\" aria-labelledby=\"tv-sat-title\">\n  <div class=\"tv-sat-banner\" role=\"banner\" aria-label=\"Conectividade\">\n    <div class=\"container-fluid container-lg px-5\">\n      <div class=\"tv-sat-banner-title\">\n        <span class=\"tv-sat-badge\" aria-hidden=\"true\">\n          <img loading=\"lazy\" decoding=\"async\" src=\"\/wp-content\/uploads\/2025\/10\/conectividad-title-icon.svg\" alt=\"\u00cdcone do t\u00edtulo\" width=\"40\"\n            height=\"40\">\n        <\/span>\n        <h2 id=\"tv-sat-title\" class=\"tv-sat-title\">Conectividade<\/h2>\n      <\/div>\n    <\/div>\n  <\/div>\n  <div class=\"tv-sat-card-container container-fluid container-lg overlap-content\">\n    <div class=\"row\">\n      <div class=\"col-lg-6 px-md-0 p-0 px-lg-2\" data-aos=\"fade-up\">\n        <article class=\"tv-sat-card\" aria-label=\"Amazon Leo\">\n          <div class=\"row\">\n            <div class=\"col-12 tv-sat-card-logo-amazon\">\n              <img decoding=\"async\" src=\"\/wp-content\/uploads\/2025\/11\/conectividad-amazon-leo.jpg\" alt=\"Amazon Leo\">\n            <\/div>\n            <div class=\"col-12\">\n              <p class=\"tv-sat-card-description text-center\">\n<b>Oferecer\u00e1 conectividade por internet via sat\u00e9lite junto com Amazon Leo.<\/b>\u00a0Estar\u00e1 dispon\u00edvel para clientes na Argentina, Brasil, Chile, Col\u00f4mbia, Equador, Peru e Uruguai. Proporcionar\u00e1 novas op\u00e7\u00f5es de conectividade \u00e0 Internet de alta velocidade e estabilidade.\n<\/p>\n            <\/div>\n            <div class=\"col-12\">\n              <div id=\"homeCarousel\" class=\"carousel slide\" data-bs-ride=\"carousel\" data-bs-pause=\"false\">\n                <div class=\"carousel-inner\">\n                  <!-- Slide 1 - Imagen -->\n                  <div class=\"carousel-item active\">\n                    <div class=\"d-flex justify-content-center align-items-center\">\n                      <img decoding=\"async\" class=\"tv-sat-devices\" src=\"\/wp-content\/uploads\/2025\/10\/conectividad-amazon-slide-1.jpg\"\n                        alt=\"Conte\u00fado disponivel para TV, laptop, tablet y m\u00f3vil\">\n                    <\/div>\n                  <\/div>\n                  <!-- Slide 2 - Solo texto -->\n                  <div class=\"carousel-item\">\n                    <div class=\"d-flex justify-content-center align-items-center\">\n                      <img decoding=\"async\" class=\"tv-sat-devices\" src=\"\/wp-content\/uploads\/2025\/10\/conectividad-amazon-slide-2.jpg\"\n                        alt=\"Conte\u00fado disponivel para TV, laptop, tablet y m\u00f3vil\">\n                    <\/div>\n                  <\/div>\n                  <!-- Slide 3 - Solo texto -->\n                  <div class=\"carousel-item\">\n                    <div class=\"d-flex justify-content-center align-items-center\">\n                      <img decoding=\"async\" class=\"tv-sat-devices\" src=\"\/wp-content\/uploads\/2025\/10\/conectividad-amazon-slide-3.jpg\"\n                        alt=\"Conte\u00fado disponivel para TV, laptop, tablet y m\u00f3vil\">\n                    <\/div>\n                  <\/div>\n                <\/div>\n              <\/div>\n            <\/div>\n            <div class=\"col-12\">\n              <div class=\"tv-sat-links-outer invisible\">\n                <div class=\"tv-sat-links-bar\" role=\"contentinfo\" aria-label=\"Sitios oficiales\">\n                  <img decoding=\"async\" src=\"\/wp-content\/uploads\/2025\/10\/streamingOTT-internet.png\" alt=\"\u00cdcone web\" aria-hidden=\"true\">\n                  <div class=\"tv-sat-links-wrap\">\n                    <a class=\"tv-sat-link\" href=\"https:\/\/www.directv.com.ar\" target=\"_blank\" rel=\"noopener\"\n                      title=\"Abrir DIRECTV\">www.directv.com.ar<\/a>\n                  <\/div>\n                <\/div>\n              <\/div>\n            <\/div>\n          <\/div>\n        <\/article>\n      <\/div>\n      <div class=\"col-lg-6 px-md-0 p-0 px-lg-2\" data-aos=\"fade-up\">\n        <article class=\"tv-sat-card\" aria-label=\"DIRECTV Internet y ZaaZ\">\n          <div class=\"row\">\n            <div class=\"col-12 tv-sat-card-logo text-center d-flex justify-content-center\">\n              <a href=\" https:\/\/www.directvla.com\" target=\"_blank\" rel=\"noopener\" title=\"Abrir DIRECTV Internet\"\n                class=\"tv-sat-logo-link d-inline-block\">\n                <img decoding=\"async\" src=\"\/wp-content\/uploads\/2025\/10\/conectividad-directv-internet.svg\" alt=\"DIRECTV Internet\"\n                  loading=\"lazy\" class=\"tv-sat-logo-img\">\n              <\/a>\n              <img decoding=\"async\" src=\"\/wp-content\/uploads\/2025\/10\/conectividad-directv-zaaz.svg\" alt=\"DIRECTV Internet\" loading=\"lazy\"\n                class=\"tv-sat-logo-img\">\n            <\/div>\n\n            <div class=\"col-12\">\n              <p class=\"tv-sat-card-description text-center\">\n                \u00c9 o servi\u00e7o de Internet 100% de fibra \u00f3ptica, que fornece conectividade aos nossos clientes em v\u00e1rios pa\u00edses da regi\u00e3o.<\/b><\/p>\n\n\n            <\/div>\n            <div class=\"col-12\">\n              <div id=\"homeCarousel\" class=\"carousel slide\" data-bs-ride=\"carousel\" data-bs-pause=\"false\">\n                <div class=\"carousel-inner\">\n                  <!-- Slide 1 - Imagen -->\n                  <div class=\"carousel-item active\">\n                    <div class=\"d-flex justify-content-center align-items-center\">\n                      <img decoding=\"async\" class=\"tv-sat-devices\"\n                        src=\"\/wp-content\/uploads\/2025\/10\/conectividad-directv-internet-zaaz-slide-1.jpg\"\n                        alt=\"Conte\u00fado disponivel para TV, laptop, tablet y m\u00f3vil\">\n                    <\/div>\n                  <\/div>\n                  <!-- Slide 2 - Solo texto -->\n                  <div class=\"carousel-item\">\n                    <div class=\"d-flex justify-content-center align-items-center\">\n                      <img decoding=\"async\" class=\"tv-sat-devices\"\n                        src=\"\/wp-content\/uploads\/2025\/10\/conectividad-directv-internet-zaaz-slide-2.png\"\n                        alt=\"Conte\u00fado disponivel para TV, laptop, tablet y m\u00f3vil\">\n                    <\/div>\n                  <\/div>\n                <\/div>\n              <\/div>\n            <\/div>\n            <div class=\"col-12\">\n              <div class=\"tv-sat-links-outer invisible\">\n                <div class=\"tv-sat-links-bar\" role=\"contentinfo\" aria-label=\"Sitios oficiales\">\n                  <img decoding=\"async\" src=\"\/wp-content\/uploads\/2025\/10\/streamingOTT-internet.png\" alt=\"\u00cdcone web\" aria-hidden=\"true\">\n                  <div class=\"tv-sat-links-wrap\">\n                    <a class=\"tv-sat-link\" href=\"https:\/\/www.directvla.com\" target=\"_blank\" rel=\"noopener\"\n                      title=\"Abrir DIRECTV\">www.directvla.com<\/a>\n                  <\/div>\n                <\/div>\n              <\/div>\n            <\/div>\n          <\/div>\n        <\/article>\n      <\/div>\n    <\/div>\n  <\/div>\n<\/section>","protected":false},"excerpt":{"rendered":"Conectividade Oferecer\u00e1 conectividade por internet via sat\u00e9lite junto com Amazon Leo.\u00a0Estar\u00e1 dispon\u00edvel para clientes na Argentina, Brasil, Chile, Col\u00f4mbia, Equador, Peru e Uruguai. Proporcionar\u00e1 novas op\u00e7\u00f5es de conectividade \u00e0 Internet de alta velocidade e estabilidade. www.directv.com.ar \u00c9 o servi\u00e7o de Internet 100% de fibra \u00f3ptica, que fornece conectividade aos nossos clientes em v\u00e1rios pa\u00edses da [&hellip;]","protected":false},"author":1,"featured_media":0,"parent":0,"menu_order":0,"comment_status":"closed","ping_status":"closed","template":"","meta":{"footnotes":""},"class_list":["post-914","page","type-page","status-publish","hentry"],"_links":{"self":[{"href":"https:\/\/www.waikenilw.com\/index.php\/wp-json\/wp\/v2\/pages\/914","targetHints":{"allow":["GET"]}}],"collection":[{"href":"https:\/\/www.waikenilw.com\/index.php\/wp-json\/wp\/v2\/pages"}],"about":[{"href":"https:\/\/www.waikenilw.com\/index.php\/wp-json\/wp\/v2\/types\/page"}],"author":[{"embeddable":true,"href":"https:\/\/www.waikenilw.com\/index.php\/wp-json\/wp\/v2\/users\/1"}],"replies":[{"embeddable":true,"href":"https:\/\/www.waikenilw.com\/index.php\/wp-json\/wp\/v2\/comments?post=914"}],"version-history":[{"count":15,"href":"https:\/\/www.waikenilw.com\/index.php\/wp-json\/wp\/v2\/pages\/914\/revisions"}],"predecessor-version":[{"id":1214,"href":"https:\/\/www.waikenilw.com\/index.php\/wp-json\/wp\/v2\/pages\/914\/revisions\/1214"}],"wp:attachment":[{"href":"https:\/\/www.waikenilw.com\/index.php\/wp-json\/wp\/v2\/media?parent=914"}],"curies":[{"name":"wp","href":"https:\/\/api.w.org\/{rel}","templated":true}]}}